ainder when (9 + -3)*-135*9*(-6)/180 is divided by 132.
111
Let f(t) = 5*t**2 + 38*t - 111. Let a(z) = 5*z**3 + 1. Let n be a(1). Let o = 19 + n. What is the remainder when f(3) is divided by o?
23
Let b(h) = 7*h + 113. Suppose -3*p - a - 2*a = 27, 4*p = 5*a - 36. What is the remainder when 197 is divided by b(p)?
47
Let f(y) = 0*y - 11 + 41 - 4*y - 4. What is the remainder when 98 is divided by f(0)?
20
Suppose 0 = 7*u - 14*u + 525. Suppose 5*a + h - 108 = 0, 4*h = 3*a - 6*a + u. What is the remainder when a is divided by 9?
3
Let p = 2626 - 2591. What is the remainder when 557 is divided by p?
32
Suppose 160*r - 107*r = 5459. What is the remainder when 2365 is divided by r?
99
Suppose s + 132 - 137 = 0. Let n(b) = 61*b - 231. Calculate the remainder when n(s) is divided by 13.
9
Let l be 1390/10 - ((3 - 0) + -1). Let t = l + -127. What is the remainder when -34*((-12)/8 + 1) is divided by t?
7
Let t(w) = 2*w**2 - 13*w - 10. Let r be t(14). Calculate the remainder when 160/r - 726/(-5) is divided by 50.
46
Let q(w) = 19*w - 1718. What is the remainder when 1140 is divided by q(91)?
7
What is the remainder when 916 is divided by 45/18 - (105/(-14) + (1 - 0))?
7
Let i = 459 - 69. Suppose 0 = -6*q + 5*q + 13. What is the remainder when 4/(-26) + 18000/i is divided by q?
7
Calculate the remainder when (-6)/(-93) + 184310/2170 is divided by ((-3)/(-3))/(1/13).
7
Let v = 33 + -30. Suppose -54 = -3*h - v*z, 5*h - 2*z - 114 = z. Suppose 0 = 25*b - h*b - 80. What is the remainder when 97 is divided by b?
17
Suppose 6*i - 11*i = 3*x - 944, 937 = 3*x - 2*i. What is the remainder when x is divided by 111?
91
Suppose 32*r - 17*r - 30 = 0. Calculate the remainder when 414 is divided by (r/6)/(400/390 - 1).
11
Suppose 22 = 2*k - 54. What is the remainder when k is divided by (1 - 10)/(13 + (-110)/8) + -8?
2
Let s = -139 + 171. Suppose 148 = 3*l - 38. What is the remainder when l is divided by s?
30
Let z(f) = -36*f + 84. Let d be z(-15). Suppose -19*i - 5*i = -d. What is the remainder when 128 is divided by i?
24
Let n = -2372 + 4462. What is the remainder when n is divided by 91?
88
Calculate the remainder when 1170 is divided by -1*(11/11)/(10/(-4270)).
316
Let n be ((-5 - 46)/(-1))/1*1. Suppose 4*q = 2*v - 40, -2*v - 3*q = v - n. Calculate the remainder when 269 is divided by v.
17
Let v(t) = 11*t + 12. Suppose -2*y + 4*y = 8. Let o be v(y). Let g = o + -41. Calculate the remainder when 40 is divided by g.
10
Let r(m) = -12*m + 4. Suppose -1596 - 74502 = -2306*c. What is the remainder when r(-6) is divided by c?
10
Suppose 3*x - 5*y - 33 = 0, 20*x - 7*x + y - 279 = 0. What is the remainder when 4949 is divided by x?
14
Suppose 27*y = 1936 + 3923. What is the remainder when y is divided by 120?
97
Let q(k) = 2*k**3 + 15*k**2 + 13*k - 9. Let n be q(-6). Suppose 2*l = -l + n. Calculate the remainder when 12 is divided by l.
5
Suppose -10785 = -3*a + o + 12433, 4*a = 2*o + 30958. Calculate the remainder when a is divided by 9.
8
Let i(u) = -298*u + 626. What is the remainder when 177 is divided by i(2)?
27
Let m = -3723 + 3804. What is the remainder when 2590 is divided by m?
79
Let c = -342 + 456. What is the remainder when c is divided by 47?
20
Suppose -72 = -3*u - 18*c, 2*u - 5*c - 82 = -0*u. Calculate the remainder when 1249 is divided by u.
25
Let p(i) = -8*i**2 + 159*i - 134. Calculate the remainder when 1495 is divided by p(18).
135
Suppose 5*u - 17*u + 516 = 0. Suppose -23*l + u = -210. What is the remainder when 75 is divided by l?
9
Let k(q) = 4*q - 6. Let p be k(2). Let j be (88/16)/(p/44). Let g = j - 53. What is the remainder when g is divided by 18?
14
Suppose 3*b = 4*s - 245, 232 - 141 = 2*s - 5*b. What is the remainder when 10333 is divided by s?
65
Let s(j) = j**2 + 5*j - 954. Calculate the remainder when 206 is divided by s(-35).
14
Let p(w) = -27*w**2 + w - 2. Let l be p(1). Calculate the remainder when (1/((-35)/l))/(1/25) is divided by 13.
7
Suppose -3*n - p = -31, -5*n = -0*n - p - 49. Let j = -147 + 17. Let r = -111 - j. Calculate the remainder when r is divided by n.
9
Let u = -131 - -134. Let g(m) = 35 + 13*m**2 - 54 + 18*m - m**3 + 2*m**u. What is the remainder when 91 is divided by g(-11)?
16
Let a(y) = -9*y + 110. Let q be a(-36). Let h = q + -416. Calculate the remainder when 86 is divided by h.
14
Let v = 16 - -5. Let d = -13 - -6. Let y = d + v. What is the remainder when 37 is divided by y?
9
Let k(s) = -98*s - 4581. What is the remainder when 367 is divided by k(-48)?
121
Let n(h) = -37*h + 1. Let v be n(-6). Suppose 0 = -5*y - q - 2*q + 62, 2 = y - 2*q. What is the remainder when v/4 - (-2)/8 is divided by y?
6
Let i(w) = -5*w - 44. Let v(m) = 6*m + 45. Let s(r) = 2*i(r) + 3*v(r). Let f be (-219)/45 - 3/135*6. What is the remainder when 14 is divided by s(f)?
0
Let f(a) = a**3 - 4*a**2 - 24*a + 26. Let r be f(12). Let l = -511 + r. Calculate the remainder when l is divided by 38.
37
Let a(z) = 3*z**3 + 2*z**2 + z. Let x be a(2). Suppose x*c - 334 = 958. What is the remainder when c is divided by 7?
3
Let p(k) = -k**3 - 17*k**2 - 2*k + 2. Let f(r) = r**2 + 13*r + 184. Calculate the remainder when f(-7) is divided by p(-17).
34
Let z = -287 - -6. Let m = -261 - z. Calculate the remainder when 557 is divided by m.
17
Suppose -3*k - 121 = -2*n, 61 = n + k - 2*k. Suppose -2*i + 101*i = 115*i - 96. What is the remainder when n is divided by i?
2
Let f = -7592 - -7780. Calculate the remainder when 751 is divided by f.
187
Let a(c) = 2*c**2 + 3*c - 17. Let t be a(5). Suppose 0 = 6*p + t - 102. Suppose 30 = 3*q - 6. Calculate the remainder when q is divided by p.
3
Suppose 6*a + 25 = 7*a. Let k(l) = -3*l**2 - 196*l + 16. Calculate the remainder when k(-64) is divided by a.
22
Let r(y) = 80*y**3 + 2*y**2 + y - 2. Calculate the remainder when 722 is divided by r(1).
74
Let f = -7638 - -7644. What is the remainder when 65 is divided by f?
5
Suppose 2*c = -0*c + 102. Let d(j) = -3*j**3 - 36*j**2 - 12*j - 34. Calculate the remainder when d(-12) is divided by c.
8
Suppose -5*b - 3*x - 24 = -10*b, 0 = -x + 2. Suppose -85 = -7*i + b. What is the remainder when 16 is divided by i?
3
Let o = 2437 + -842. What is the remainder when o is divided by 39?
35
Let t = -42081 + 42268. What is the remainder when t is divided by 113?
74
Let o be (-4 + (140/15 - 4))*-192. Let w = o - -308. What is the remainder when w is divided by 27?
25
Suppose 0 = -8*o + 9*o + w - 156, -171 = -o + 2*w. What is the remainder when o is divided by 41?
38
Let t = -1950 - -2039. What is the remainder when 1154 is divided by t?
86
Let a = 8677 + -3351. Suppose a = 34*n - 420. Calculate the remainder when n is divided by 9.
7
Let a be (-6*5/15)/((-2)/257). Suppose 0 = j + v - a, -108 - 147 = -j - 3*v. Calculate the remainder when j is divided by 37.
36
Suppose -12*q = -7*q - 4*q. Suppose -221*o + 216*o + 90 = q. Calculate the remainder when 161 is divided by o.
17
Suppose -10*i + 11*i + w - 65 = 0, 5 = -5*w. Suppose 2*s = -s + 4*y + 199, 3*y = -5*s + 380. Calculate the remainder when s is divided by i.
7
Suppose -49*r = 8*r - 3705. Suppose 12*d - 79 = r. Calculate the remainder when 81 is divided by d.
9
Let s = -21129 + 26416. What is the remainder when s is divided by 21?
16
Suppose 102*n - 274 = 624 + 20. What is the remainder when 232 is divided by n?
7
Calculate the remainder when 229 is divided by (1/3*1)/(337/71781).
16
Let d = 22368 + -21482. Calculate the remainder when d is divided by 221.
2
Let k = -1217 - -1789. Suppose -3*d = 8*d - k. Suppose -4*x + 68 = -2*w, -5*x + 5*w + 44 = -31. What is the remainder when d is divided by x?
14
Calculate the remainder when (6 - (-224)/(-36)) + (15423/(-27))/(-1) is divided by 35.
11
Calculate the remainder when ((-106120)/(-36))/7 - (-1)/(-9) is divided by 82.
11
Let r be ((-20)/(-30))/(6/1305). Suppose 30*o + r = 1705. Calculate the remainder when o is divided by 22.
8
Calculate the remainder when 6*3064/20 + 12/15 is divided by 32.
24
Let r be 18/4 - (-6)/12. Calculate the remainder when 4/((-140)/(-749))*r is divided by 11.
8
Let c(o) = -12*o - 258. Let w(n) = -2*n**3 - 11*n**2 - 10*n + 13. Calculate the remainder when w(-6) is divided by c(-25).
25
Suppose -980 = -h + 2*z, 13 - 5 = -2*z. Calculate the remainder when